{"id":758,"date":"2022-10-31T19:10:47","date_gmt":"2022-10-31T22:10:47","guid":{"rendered":"https:\/\/imaginacircuito.com\/festa\/?page_id=758"},"modified":"2023-04-24T18:01:06","modified_gmt":"2023-04-24T21:01:06","slug":"cultura-performance-e-processos-de-criacao","status":"publish","type":"page","link":"https:\/\/imaginacircuito.com\/festa\/mostras\/cultura-performance-e-processos-de-criacao\/","title":{"rendered":"Cultura, performance e processos de cria\u00e7\u00e3o"},"content":{"rendered":"\n<p>Os filmes selecionados para esta sess\u00e3o ser\u00e3o exibidos no dia 26\/11, a partir das 18h30, no Col\u00e9gio Estadual Dr\u00ba Ant\u00f4nio Ricaldi. Para conferir a toda a programa\u00e7\u00e3o resumida, <strong><a rel=\"noreferrer noopener\" href=\"https:\/\/imaginacircuito.com\/festa\/programacao-resumida\/\" data-type=\"URL\" data-id=\"https:\/\/imaginacircuito.com\/festa\/programacao-resumida\/\" target=\"_blank\">clique aqui<\/a>.<\/strong> <\/p>\n\n\n\n<p class=\"has-text-align-center\"><strong><mark style=\"background-color:rgba(0, 0, 0, 0);color:#602f75\" class=\"has-inline-color\">Conhe\u00e7a a sess\u00e3o na \u00edntegra:<\/mark><\/strong> <\/p>\n\n\n\n<p><\/p>\n\n\n\n<figure class=\"wp-block-image\"><img decoding=\"async\" src=\"https:\/\/lh4.googleusercontent.com\/ZwAyKRVrHE-vHokPwdeEBP_GO_aJoA7y7sZH6Ui3p80yPOKOFBNLIMWJJ-q63UiBG-wNdRvtKToSu8zdwisAVGDC7dbeVm0NZyD_OoVyw6RKgeUJgZL_NSThNPC7gkmrsgZHHM2H4qrRyR3UX533hcWssylNv7pAwtiugyBOhjoJUJzdq_icZZ1IwA\" alt=\"\"\/><\/figure>\n\n\n\n<h4 class=\"wp-block-heading has-text-align-center\"><strong><mark style=\"background-color:rgba(0, 0, 0, 0);color:#ed1567\" class=\"has-inline-color\">CEGO_CIDADE (Kauan Oliveira, 10min, doc., UESB)<\/mark><\/strong><\/h4>\n\n\n\n<p class=\"has-text-align-left\"><strong>Sinopse<\/strong>: As imagens complementam o que sempre faltam nas palavras. As poesias complementam o que sempre est\u00e1 presente na cidade. Livremente inspirado na poesia Cidade City Cit\u00e9, de Augusto de Campos.<\/p>\n\n\n\n<p><strong>Ficha t\u00e9cnica:<\/strong><br><strong>Dire\u00e7\u00e3o, Roteiro, Montagem, Som, Fotografia:<\/strong> Kauan Oliveira<br><strong>Poemas e Vozes: <\/strong>Lorena Durval, Gabriel Cardim, Vit\u00f3ria Maltez, Raisa Lima, Kauan Oliveira, Manuella Pedra, Let\u00edcia Mendes, Raquel Ferreira<\/p>\n\n\n\n<p><\/p>\n\n\n\n<figure class=\"wp-block-image\"><img decoding=\"async\" src=\"https:\/\/lh5.googleusercontent.com\/kv-J71V09IbZkV7J-1_c0k2X_eZfnS_3gvt0BqL8rbyar239byUHxd0A5O3Bj1HsyShxwbfyG5vi_3Fmm3hqsHyIDxMz8Ub7ysoVAwY1KsKMnarig1ktRAOBkvmYHUWpqgS79il67so3qeUnuxpcfhY2coLgHj950-GJR81MNau79HJ31ictwsPMoA\" alt=\"\"\/><\/figure>\n\n\n\n<h4 class=\"wp-block-heading alignwide has-text-align-center\"><strong><mark style=\"background-color:rgba(0, 0, 0, 0);color:#ed1567\" class=\"has-inline-color\">Interiorizando a Cultura (Flora Benedito, 10min, anim., UFBA)<\/mark><\/strong><\/h4>\n\n\n\n<p class=\"has-text-align-left\"><strong>Sinopse<\/strong>: O curta prop\u00f5e reflex\u00f5es acerca preconceitos existentes no cen\u00e1rio brasileiro. \u00c9 dividido em tr\u00eas bloco, que abordam o racismo, a homofobia e a intoler\u00e2ncia religiosa. Utiliza de refer\u00eancias de pesquisadores das \u00e1reas, para entregar um resultado que cause como\u00e7\u00e3o ao expectador, e crie interesse para que este procure saber mais sobre as causas, e se torne consciente sobre as tem\u00e1ticas.<\/p>\n\n\n\n<p><strong>Ficha t\u00e9cnica:<\/strong><br><strong>Dire\u00e7\u00e3o, produ\u00e7\u00e3o, edi\u00e7\u00e3o e roteiro:<\/strong> Flora Benedito<\/p>\n\n\n\n<p><\/p>\n\n\n\n<figure class=\"wp-block-image is-resized\"><img loading=\"lazy\" decoding=\"async\" src=\"https:\/\/lh6.googleusercontent.com\/SryfLgbowM4y9VRNnb11LkVA2S9EepBQeHudobhNjYeCadQXD3nwWdSZAu16VjLtuRpyFBd7k6VkO4MOSgzVthBcuKkaTz-yoLO4L1Vq4r9Ou3LVwYrnFSsPrswTIth6vIRt67HXzvyIlOBQ-mUjLF6PDjxpM7UVHrxvu5x6ZfXCcnqmWs7QPtj8TQ\" alt=\"\" width=\"476\" height=\"635\"\/><\/figure>\n\n\n\n<h4 class=\"wp-block-heading alignwide has-text-align-center\"><strong><mark style=\"background-color:rgba(0, 0, 0, 0);color:#ed1567\" class=\"has-inline-color\">Presa No Escorrer de Mim (Heloisa Orselli, 1min, anim., UFSB)<\/mark><\/strong><\/h4>\n\n\n\n<p><strong>Sinopse<\/strong>: Presa No Escorrer de Mim \u00e9 uma curta e potente anima\u00e7\u00e3o que retrata, de forma subjetiva, a psique de uma mulher que sofreu abusos na inf\u00e2ncia. Assim, o audiovisual consegue, com varias jun\u00e7\u00f5es de express\u00f5es art\u00edsticas, entrar na cabe\u00e7a desta pessoa e mostrar o escorrer e as marcas da crian\u00e7a ferida que ainda vive l\u00e1 dentro. Com isso, \u00e9 poss\u00edvel vermos tra\u00e7os da intimidade forte e psicod\u00e9lica que pode existir na mente de um ser machucado.<\/p>\n\n\n\n<p><strong>Ficha t\u00e9cnica:<\/strong><br><strong>Dire\u00e7\u00e3o, roteiro e produ\u00e7\u00e3o:<\/strong> Heloisa Orselli (talvezlola)<br><strong>Trilha sonora: <\/strong>Matheus Quadros<\/p>\n\n\n\n<p><\/p>\n\n\n\n<figure class=\"wp-block-image is-resized\"><img loading=\"lazy\" decoding=\"async\" src=\"https:\/\/lh3.googleusercontent.com\/Mjy2TRH2zD7jMpbNHyteD3ET28PpIVuQll7vI11liIRgNd-BKmNA14JTmEkd6XV0RZ5pOKdg5BBGC7d16dUD4xLhAkcIUeT_4m0uqPyfJHM1jHdSscX23M-o0aKGChYbqk0eiccT4Q2EZSD9kRIwQ3PrarFiymtwN0loudYwFUAzFtE3MFNRDFBP3g\" alt=\"\" width=\"541\" height=\"721\"\/><\/figure>\n\n\n\n<h4 class=\"wp-block-heading alignwide has-text-align-center\"><strong><mark style=\"background-color:rgba(0, 0, 0, 0);color:#ed1567\" class=\"has-inline-color\">O Mensageiro (Thais Hofman e Carol Freire, 10min, exp., UFSB)<\/mark><\/strong><\/h4>\n\n\n\n<p><strong>Sinopse<\/strong>: O Mensageiro \u00e9 a carta escrita por Pero Vaz de Caminha,&nbsp; que transita e atravessa a temporalidade e a complexidade de nossos tempos, com um corpo marcado por sua narrativa, vivenciando as mazelas de nossa contemporaneidade. Do deslumbramento \u00e0 marginalidade de uma realidade genocida. Considerada, hoje, o mais importante documento a respeito do Descobrimento do Brasil.<\/p>\n\n\n\n<p><strong>Ficha t\u00e9cnica:<\/strong><br><strong>Dire\u00e7\u00e3o<\/strong>: Thais Hofman e Carol Freire<br><strong>Roteiro:<\/strong> Carol Freire<br><strong>Produ\u00e7\u00e3o: <\/strong>Thais Hofman e R\u00f4mulo Laviola<br><strong>Elenco:<\/strong> Carleone Filho<br><strong>Narra\u00e7\u00e3o:<\/strong> Edvaldo Ariano<br><strong>Montagem: <\/strong>Christopher Eleto<\/p>\n\n\n\n<p><\/p>\n\n\n\n<figure class=\"wp-block-image\"><img decoding=\"async\" src=\"https:\/\/lh5.googleusercontent.com\/_8gSdnYVDw3R5R2gPPOId0KpkQuWiJ27_GYXCysG56c6WSzbduU9sdZFK9S5xPFUA01iB1ObaBf8VDnkpI8L09WoexiXvuN-0eNbe9sIABBAwD2L9gpxrlpZBFUjhjq7ts00MCvJ1bIoEwOvF2q46YAOOz62ldPWNjY35EISczwvae9nTxONScG9mA\" alt=\"\"\/><\/figure>\n\n\n\n<h4 class=\"wp-block-heading alignwide has-text-align-center\"><strong><mark style=\"background-color:rgba(0, 0, 0, 0);color:#ed1567\" class=\"has-inline-color\">Corpo e suas transforma\u00e7\u00f5es (Michael Kellvyn, 4min, exp., UFSB)<\/mark><\/strong><\/h4>\n\n\n\n<p><strong>Sinopse<\/strong>: A videoperformance &#8220;Corpo e suas Transforma\u00e7\u00f5es&#8221; busca atrav\u00e9s da linguagem da dan\u00e7a e da poesia, suscitar novos olhares acerca do corpo e da po\u00e9tica da vida, partindo de estudos e pesquisas referentes ao &#8216;multinaturalismo&#8217; presente na est\u00e9tica dos povos origin\u00e1rios das Am\u00e9ricas. Corpos m\u00faltiplos que se moldam em prol do zelo e crescimento de seu povo, pelo crescimento e cuidado para com sua terra-floresta-habita\u00e7\u00e3o. Seres que carregam em seus corpos, saberes e experi\u00eancias milenares, que atravessam o tempo e atrav\u00e9s de seus ritos, os fazem perdurar at\u00e9 os dias atuais. Ritual como reafirma\u00e7\u00e3o de quem se \u00e9! Afinal, quando me refiro \u00e0 &#8220;corpo&#8221;, o que voc\u00ea pensa?<\/p>\n\n\n\n<p><strong>Ficha t\u00e9cnica:<\/strong><br><strong>Dire\u00e7\u00e3o, Edi\u00e7\u00e3o, Filmagem e Performance:<\/strong> Michael Kellvyn<br><strong>Assistente Geral:<\/strong> Myke Khauan<br><strong>Texto:<\/strong> O QUE SIGNIFICA TORNAR-SE OUTRO? Xamanismo e Contato Inter\u00e9tnico na Amaz\u00f4nia, de Aparecida Vila\u00e7a (2000).<\/p>\n\n\n\n<p><\/p>\n\n\n\n<figure class=\"wp-block-image\"><img decoding=\"async\" src=\"https:\/\/lh4.googleusercontent.com\/-Smyje-FzMwZb4VpzRzwicGGm10UkU2vgHC8ILiIi75slXYIkj3HEQMm1g6_YbpQSpmA2ncY-RD9Qj5ftuyKgcwVjnhKowWLb7NL8VF_OPIAONgMT-dlCnRIJnhMVSLans51zBFORdlRVundXJcKYBDlPrHoT1fkv4BsaQMPJ5PmGM0VjwKAleAJgQ\" alt=\"\"\/><\/figure>\n\n\n\n<h4 class=\"wp-block-heading has-text-align-center\"><strong><mark style=\"background-color:rgba(0, 0, 0, 0);color:#ed1567\" class=\"has-inline-color\">Desabrochar (Vica Portela, 11min, doc., UFBA)<\/mark><\/strong><\/h4>\n\n\n\n<p><strong>Sinopse<\/strong>: Este filme-ensaio \u00e9 uma autoan\u00e1lise e reflex\u00e3o da minha rela\u00e7\u00e3o com meu pr\u00f3prio corpo e com a dan\u00e7a. A partir de uma aula, laborat\u00f3rio de corpo, que comecei a frequentar na faculdade de dan\u00e7a da UFBA, me deparo com algumas dificuldades e algumas identifica\u00e7\u00f5es, principalmente com a minha colega Camila. A partir da minha identifica\u00e7\u00e3o com Camila, come\u00e7o a me envolver no processo da dan\u00e7a e me soltar das camadas que envolvem meu corpo.<\/p>\n\n\n\n<p><strong>Ficha t\u00e9cnica:<\/strong><br><strong>Roteiro, produ\u00e7\u00e3o, montagem e dire\u00e7\u00e3o: <\/strong>Vica Portela (Carolina Victoria)<\/p>\n\n\n\n<p><\/p>\n\n\n\n<figure class=\"wp-block-image\"><img decoding=\"async\" src=\"https:\/\/lh6.googleusercontent.com\/Fi6DEERKpy8dJ0Cwi7wyZ0oo26FupyEAJlIBlYUxU0ujw1bMwSN2ttvS5F4CEKv9H6AC-p6iabifhgKKo1BAXVZzVIxuSFjAhE2OrF-JRqXrlytc902D9SMUN76PWt13AUPspAgZAJXwh10t5vH7dPOL4o4yf9_Os5iT3pXjUoThAR_J_3PoxxRKzw\" alt=\"\"\/><\/figure>\n\n\n\n<h4 class=\"wp-block-heading alignwide has-text-align-center\"><strong><mark style=\"background-color:rgba(0, 0, 0, 0);color:#ed1567\" class=\"has-inline-color\">Aluga-se (Bruno Grigati &amp; Kauan Oliveira, 9min, fic\u00e7\u00e3o, UESB)<\/mark><\/strong><\/h4>\n\n\n\n<p><strong>Sinopse<\/strong>: Jovem encontra quebra-cabe\u00e7a em seu mais recente apartamento. A nova resid\u00eancia n\u00e3o ser\u00e1 seu lar doce lar.<\/p>\n\n\n\n<p><strong>Ficha t\u00e9cnica:<\/strong><br><strong>Dire\u00e7\u00e3o: <\/strong>Bruno Grigati &amp; Kauan Oliveira<br><strong>Roteiro e Fotografia: <\/strong>Bruno Grigati<br><strong>Argumento, Montagem, Som, Arte<\/strong>: Kauan Oliveira<br><strong>Elenco:<\/strong> Kauan Oliveira<\/p>\n\n\n\n<p><\/p>\n\n\n\n<figure class=\"wp-block-image size-full is-resized\"><img loading=\"lazy\" decoding=\"async\" src=\"https:\/\/imaginacircuito.com\/festa\/wp-content\/uploads\/2022\/10\/Registro-dos-fatos-antecedentes.jpeg\" alt=\"\" class=\"wp-image-844\" width=\"569\" height=\"469\" srcset=\"https:\/\/imaginacircuito.com\/festa\/wp-content\/uploads\/2022\/10\/Registro-dos-fatos-antecedentes.jpeg 654w, https:\/\/imaginacircuito.com\/festa\/wp-content\/uploads\/2022\/10\/Registro-dos-fatos-antecedentes-300x248.jpeg 300w, https:\/\/imaginacircuito.com\/festa\/wp-content\/uploads\/2022\/10\/Registro-dos-fatos-antecedentes-250x206.jpeg 250w, https:\/\/imaginacircuito.com\/festa\/wp-content\/uploads\/2022\/10\/Registro-dos-fatos-antecedentes-550x454.jpeg 550w, https:\/\/imaginacircuito.com\/festa\/wp-content\/uploads\/2022\/10\/Registro-dos-fatos-antecedentes-218x180.jpeg 218w, https:\/\/imaginacircuito.com\/festa\/wp-content\/uploads\/2022\/10\/Registro-dos-fatos-antecedentes-363x300.jpeg 363w, https:\/\/imaginacircuito.com\/festa\/wp-content\/uploads\/2022\/10\/Registro-dos-fatos-antecedentes-606x500.jpeg 606w\" sizes=\"auto, (max-width: 569px) 100vw, 569px\" \/><\/figure>\n\n\n\n<h4 class=\"wp-block-heading has-text-align-center\"><strong><mark style=\"background-color:rgba(0, 0, 0, 0);color:#ed1567\" class=\"has-inline-color\">Registro dos fatos antecedentes: a hora antes da hora da estrela (L\u00facio Pedreira, 13min, exp., UFSB)<\/mark><\/strong><\/h4>\n\n\n\n<p class=\"has-text-align-left\">Como \u00e9 o processo de cria\u00e7\u00e3o de um artista? Existe forma certa ou errada? O que a obra e o seu processo tem a dizer sobre o artista que a cria? Registro dos fatos antecedentes: a hora antes da hora da estrela conta atrav\u00e9s da releitura da obra: A hora estrela, de Clarisse Lispector, como o personagem-autor Rodrigo S. M. constr\u00f3i e escreve sobre a personagem Macab\u00e9a, passando por seus altos e baixos no seu processo de cria\u00e7\u00e3o art\u00edstica. Esse curta tem como objetivo mostrar como a literatura pode ter diversas vers\u00f5es de um mesmo fato, ou at\u00e9 mesmo dos fatos antes deles pr\u00f3prios.<\/p>\n\n\n\n<p><strong>Ficha t\u00e9cnica:<\/strong><br><strong>Roteiro, Dire\u00e7\u00e3o, Produ\u00e7\u00e3o, C\u00e2mera e Edi\u00e7\u00e3o de sonoplastia:<\/strong> L\u00facio Pedreira<br><strong>Orienta\u00e7\u00e3o e Edi\u00e7\u00e3o da sonoplastia:<\/strong> Daniel Puig<br><strong>Elenco: <\/strong>Pedro Lisbotto e J\u00e9ssica Andrade<br><strong>Narrador:<\/strong> L\u00facio Pedreira<br><\/p>\n","protected":false},"excerpt":{"rendered":"<p>Os filmes selecionados para esta sess\u00e3o ser\u00e3o exibidos no dia 26\/11, a partir das 18h30, no Col\u00e9gio Estadual Dr\u00ba Ant\u00f4nio Ricaldi. Para conferir a toda a programa\u00e7\u00e3o resumida, clique aqui. Conhe\u00e7a a sess\u00e3o na \u00edntegra: CEGO_CIDADE (Kauan Oliveira, 10min, doc., UESB) Sinopse: As imagens complementam o que sempre faltam nas palavras. As poesias complementam o&hellip; <a class=\"more-link\" href=\"https:\/\/imaginacircuito.com\/festa\/mostras\/cultura-performance-e-processos-de-criacao\/\">Continuar lendo <span class=\"screen-reader-text\">Cultura, performance e processos de cria\u00e7\u00e3o<\/span><\/a><\/p>\n","protected":false},"author":4,"featured_media":0,"parent":11,"menu_order":2,"comment_status":"closed","ping_status":"closed","template":"","meta":{"extendify_custom_stylesheet":"","bgseo_title":"","bgseo_description":"","bgseo_robots_index":"index","bgseo_robots_follow":"follow","footnotes":""},"class_list":["post-758","page","type-page","status-publish","hentry","entry"],"_links":{"self":[{"href":"https:\/\/imaginacircuito.com\/festa\/wp-json\/wp\/v2\/pages\/758","targetHints":{"allow":["GET"]}}],"collection":[{"href":"https:\/\/imaginacircuito.com\/festa\/wp-json\/wp\/v2\/pages"}],"about":[{"href":"https:\/\/imaginacircuito.com\/festa\/wp-json\/wp\/v2\/types\/page"}],"author":[{"embeddable":true,"href":"https:\/\/imaginacircuito.com\/festa\/wp-json\/wp\/v2\/users\/4"}],"replies":[{"embeddable":true,"href":"https:\/\/imaginacircuito.com\/festa\/wp-json\/wp\/v2\/comments?post=758"}],"version-history":[{"count":11,"href":"https:\/\/imaginacircuito.com\/festa\/wp-json\/wp\/v2\/pages\/758\/revisions"}],"predecessor-version":[{"id":1215,"href":"https:\/\/imaginacircuito.com\/festa\/wp-json\/wp\/v2\/pages\/758\/revisions\/1215"}],"up":[{"embeddable":true,"href":"https:\/\/imaginacircuito.com\/festa\/wp-json\/wp\/v2\/pages\/11"}],"wp:attachment":[{"href":"https:\/\/imaginacircuito.com\/festa\/wp-json\/wp\/v2\/media?parent=758"}],"curies":[{"name":"wp","href":"https:\/\/api.w.org\/{rel}","templated":true}]}}