{"id":1559,"date":"2025-08-13T10:36:38","date_gmt":"2025-08-13T13:36:38","guid":{"rendered":"https:\/\/imaginacircuito.com\/festa\/?page_id=1559"},"modified":"2025-08-15T18:42:51","modified_gmt":"2025-08-15T21:42:51","slug":"oficinas-2025","status":"publish","type":"page","link":"https:\/\/imaginacircuito.com\/festa\/oficinas-2025\/","title":{"rendered":"Oficinas"},"content":{"rendered":"\n<p><strong>ATIVIDADES FORMATIVAS &#8211; OFICINAS<\/strong><\/p>\n\n\n\n<p><strong>OFICINA 1 &#8211; Dia 10\/09 (quarta-feira), de 9h \u00e0s 12h e de 14h \u00e0s 17h, com continua\u00e7\u00e3o no dia 11\/09 (quinta-feira), de 9h \u00e0s 12h.<\/strong><\/p>\n\n\n\n<p><strong>T\u00edtulo: <\/strong><em>Oficina de Departamento de Dire\u00e7\u00e3o<\/em><\/p>\n\n\n\n<p><strong>Ministrante:<\/strong> Jaime dos Santos Guimar\u00e3es<\/p>\n\n\n\n<figure class=\"wp-block-image\"><img decoding=\"async\" src=\"https:\/\/lh7-rt.googleusercontent.com\/docsz\/AD_4nXf621AqZCKWrSlsmi-JXgpPWRh_09GnmhE7z1tkODJmJLa91bMPt25lyVH00uSNFhN9970mj5D0kdKrVqqnMqw8BQ6DnaIJINEQtDJbYJAi8-X30f0dc_I0DRKjQ-_U6ZBOE7cb5A?key=KdTe4ebj2LF2q11U0C9kmA\" alt=\"\"\/><\/figure>\n\n\n\n<p><strong>Mini-bio:<\/strong> Jaime dos Santos Guimar\u00e3es \u00e9 um realizador audiovisual e montador de Campina Grande -PB. \u00c9 formado em Jornalismo pela UEPB e Especialista em Cinema e Audiovisual pela UNICORP. Desde 2010, trabalha com audiovisual, onde se especializou em dire\u00e7\u00e3o e montagem. Dirigiu os curtas <em>Concreto <\/em>(2011), <em>A Alma das Ruas<\/em> (2013), <em>Pranto <\/em>(2019), <em>Abri\u00e7\u00e3o de Portas<\/em> (2022); e realizou o longa <em>Cordelina <\/em>(2022), selecionado no Festival de Bras\u00edlia e premiado no Fest Aruanda. \u00c9 o respons\u00e1vel legal pela Tronxo Filmes, produtora em atua\u00e7\u00e3o desde 2019. Desde 2022, realiza o Mu\u00eddo &#8211; Festival de Cinema de Campina Grande, tendo j\u00e1 realizado 4 edi\u00e7\u00f5es do festival.<\/p>\n\n\n\n<p><strong>Sinopse:<\/strong> A oficina abordar\u00e1 o trabalho empregado em torno do departamento de dire\u00e7\u00e3o em uma produ\u00e7\u00e3o cinematogr\u00e1fica. Quais s\u00e3o os processos? Que ferramentas e documentos s\u00e3o necess\u00e1rios? Como organizar o cora\u00e7\u00e3o e a cabe\u00e7a pensante de um filme? Como o departamento de dire\u00e7\u00e3o se comunica com os demais setores? O que fazem o diretor, o continu\u00edsta e os assistentes de dire\u00e7\u00e3o? Quest\u00f5es a serem discutidas com exemplos pr\u00e1ticos, exibi\u00e7\u00e3o de filmes e exerc\u00edcios.<\/p>\n\n\n\n<p><strong>Carga hor\u00e1ria:<\/strong> 9h<br><strong>N\u00famero de vagas:<\/strong> 15 vagas.\u00a0<br><em>*Atividade com inscri\u00e7\u00f5es pr\u00e9vias<\/em><\/p>\n\n\n\n<p><strong>OFICINA 2 &#8211; Dia 11\/09 (quinta-feira), de 14h \u00e0s 17h, com continua\u00e7\u00e3o no dia 12\/09 (sexta-feira), de 9h \u00e0s 12h e 14h \u00e0s 17h.<\/strong><\/p>\n\n\n\n<p><strong>T\u00edtulo: <\/strong><em>Comunica\u00e7\u00e3o Popular: Perspectivas de Atua\u00e7\u00e3o<\/em><\/p>\n\n\n\n<p><strong>Ministrante: <\/strong>Jheyds Kann&nbsp;<\/p>\n\n\n\n<figure class=\"wp-block-image\"><img decoding=\"async\" src=\"https:\/\/lh7-rt.googleusercontent.com\/docsz\/AD_4nXcw6w0zJkZzlg9AT6B8vWewhoiMYndQUAgWJHBq3vcoVs44TM9ngf6QXSvsrkck04oXQrC5s9hJDXR6EYhTZNeHdoCu5XzDB3mOgfp4R5kTNh-QdHDZ1LCME61PYmmlgEnu2UcLrA?key=KdTe4ebj2LF2q11U0C9kmA\" alt=\"\"\/><\/figure>\n\n\n\n<p><strong>Mini-bio: <\/strong>Jheyds Kann \u00e9 cineasta, m\u00fasico, produtor cultural e audiovisual, educomunicador, ator, escritor e muito mais. Licenciado em Hist\u00f3ria e Especialista em Educa\u00e7\u00e3o do Campo, atua atrav\u00e9s do NUPOMAR &#8211; N\u00facleo de Pesquisa, M\u00eddias e Arte, com forma\u00e7\u00e3o territorial de comunicadores, al\u00e9m de desenvolver diversas outras iniciativas, como os Coletivos BEAT_ZADA e Buranh\u00e9m, com atua\u00e7\u00e3o cultural no Sul e Extremo Sul da Bahia. \u00c9 militante do MLT &#8211; Movimento de Luta pela Terra e constr\u00f3i a Teia dos Povos, articula\u00e7\u00e3o Preta, Ind\u00edgena e Popular.<\/p>\n\n\n\n<p><strong>Sinopse: <\/strong>O que \u00e9 comunica\u00e7\u00e3o popular? Como atuar pela Comunica\u00e7\u00e3o Popular?; De onde vem os comunicadores populares?; Comunica\u00e7\u00e3o Popular e autonomia radical dos povos (pelo direito de existir); O caso Baixa Verde; A oficina busca exemplificar como a Comunica\u00e7\u00e3o Popular se relaciona com as m\u00faltiplas formas de atua\u00e7\u00e3o para sobreviv\u00eancia de povos e comunidades tradicionais, partindo da experi\u00eancia do oficineiro de mais de 30 anos vivendo sob a condi\u00e7\u00e3o de acampado.<\/p>\n\n\n\n<p><strong>Carga hor\u00e1ria: <\/strong>9h<br><strong>N\u00famero de vagas: <\/strong>25 vagas.<br><em>*Atividade com inscri\u00e7\u00f5es pr\u00e9vias<\/em><\/p>\n\n\n\n<p>&gt;&gt;&gt; <\/p>\n\n\n\n<h2 class=\"wp-block-heading\">INSCRI\u00c7\u00d5ES VIA FORMUL\u00c1RIO ONLINE A PARTIR DO DIA 25\/08\/2025<\/h2>\n\n\n\n<p><em>As vagas das oficinas ser\u00e3o <strong>preenchidas por ordem de inscri\u00e7\u00e3o<\/strong>, com reserva de vagas para realizadores\/as que tiveram seus filmes selecionados para sexta edi\u00e7\u00e3o do F.EST.A, para professores\/as do CEEP 2 de Julho e estudantes vinculados\/as \u00e0 equipe do Imagina!<\/em><\/p>\n\n\n\n<p><strong>Link para o formul\u00e1rio: <\/strong><a href=\"https:\/\/forms.gle\/5D2vQsH1HDoAncLb6\">https:\/\/forms.gle\/5D2vQsH1HDoAncLb6<\/a><\/p>\n\n\n\n<p>Aten\u00e7\u00e3o! O deslocamento at\u00e9 o SESC \u00e9 de responsabilidade dos\/as inscritos\/as. A emiss\u00e3o dos certificados est\u00e1 condicionada \u00e0 participa\u00e7\u00e3o nos dois dias da oficina escolhida.<\/p>\n","protected":false},"excerpt":{"rendered":"<p>ATIVIDADES FORMATIVAS &#8211; OFICINAS OFICINA 1 &#8211; Dia 10\/09 (quarta-feira), de 9h \u00e0s 12h e de 14h \u00e0s 17h, com continua\u00e7\u00e3o no dia 11\/09 (quinta-feira), de 9h \u00e0s 12h. T\u00edtulo: Oficina de Departamento de Dire\u00e7\u00e3o Ministrante: Jaime dos Santos Guimar\u00e3es Mini-bio: Jaime dos Santos Guimar\u00e3es \u00e9 um realizador audiovisual e montador de Campina Grande -PB.&hellip; <a class=\"more-link\" href=\"https:\/\/imaginacircuito.com\/festa\/oficinas-2025\/\">Continuar lendo <span class=\"screen-reader-text\">Oficinas<\/span><\/a><\/p>\n","protected":false},"author":3,"featured_media":0,"parent":0,"menu_order":0,"comment_status":"closed","ping_status":"closed","template":"","meta":{"extendify_custom_stylesheet":"","bgseo_title":"","bgseo_description":"","bgseo_robots_index":"index","bgseo_robots_follow":"follow","footnotes":""},"class_list":["post-1559","page","type-page","status-publish","hentry","entry"],"_links":{"self":[{"href":"https:\/\/imaginacircuito.com\/festa\/wp-json\/wp\/v2\/pages\/1559","targetHints":{"allow":["GET"]}}],"collection":[{"href":"https:\/\/imaginacircuito.com\/festa\/wp-json\/wp\/v2\/pages"}],"about":[{"href":"https:\/\/imaginacircuito.com\/festa\/wp-json\/wp\/v2\/types\/page"}],"author":[{"embeddable":true,"href":"https:\/\/imaginacircuito.com\/festa\/wp-json\/wp\/v2\/users\/3"}],"replies":[{"embeddable":true,"href":"https:\/\/imaginacircuito.com\/festa\/wp-json\/wp\/v2\/comments?post=1559"}],"version-history":[{"count":8,"href":"https:\/\/imaginacircuito.com\/festa\/wp-json\/wp\/v2\/pages\/1559\/revisions"}],"predecessor-version":[{"id":1622,"href":"https:\/\/imaginacircuito.com\/festa\/wp-json\/wp\/v2\/pages\/1559\/revisions\/1622"}],"wp:attachment":[{"href":"https:\/\/imaginacircuito.com\/festa\/wp-json\/wp\/v2\/media?parent=1559"}],"curies":[{"name":"wp","href":"https:\/\/api.w.org\/{rel}","templated":true}]}}